. What is the tens digit of (24/1)/b + 0?
1
Let r be (-3 - -1) + 3 + -1. Let v = 1 - r. Suppose -2*f + 11 - v = 0. What is the units digit of f?
5
Let d(i) = -i**3 + i. Let g(q) = -4*q**3 - 2*q**2 + 4*q + 1. Let h(z) = -3*d(z) + g(z). Let m be h(-1). Let c = 0 - m. What is the units digit of c?
1
Let h = 24 - 12. Let m be 15/6*h/10. Suppose 3*j + 5*n + 22 = m, 0 = 2*j + 5*n + 21. What is the units digit of j?
2
Let r(x) = 5*x**2 + 2*x - 9. Let k(z) = -z**2 + z. Let p(v) = 6*k(v) + r(v). Let a be p(6). Let m = a + 10. What is the tens digit of m?
1
Suppose -2*q + 1 = -q + 3*i, 4 = 4*q - 4*i. What is the units digit of q?
1
Let f(z) = z**2 + 6*z - 8. What is the units digit of f(7)?
3
Suppose -r = 2*k + k + 4, -2*r = -4*k - 2. Let h be (-33)/(-6) + r/2. Suppose 0 = -h*x + 5*z + 15, 4*x - 9 = -z + 13. What is the units digit of x?
5
What is the units digit of ((-2)/(-12))/(1/6)?
1
Suppose 5*h - 10*h + 985 = 0. What is the tens digit of h?
9
Suppose -2*j = -4*j. Suppose 0 = -4*h - j*h + 64. What is the units digit of h?
6
Let x be (-2)/10 + 22/10. What is the units digit of ((-81)/(-3))/(3 - x)?
7
Let z = -16 - -8. What is the units digit of (-111)/(-21) + z/28?
5
Suppose 2*k - 7*k = -225. Let z be (0 - -1)/(2/(-2)). What is the units digit of k/5 - z*1?
0
Suppose 5*q - 1 = -6. Let x be (q + 5/2)*6. Let c = x - 3. What is the units digit of c?
6
Suppose -4*o + 41 = 3*i, -o + 3*o = -4*i + 58. What is the units digit of i?
5
Let k = 3 + -3. Suppose k*x - 5*x - 10 = 0, 0 = n - 4*x - 10. What is the units digit of -2 + (5 - n) - -4?
5
Suppose 2*q - 36 = -0*q. What is the units digit of (-28)/(-6) + 6/q?
5
Let y(n) = n**3 - n**2 - 2*n + 1. Let o be y(2). Let j = 4 - o. What is the units digit of j?
3
Suppose -2*o + 4 = 0, -k - 3*o - 11 = -8*o. What is the units digit of (7/(-21))/(k/9)?
3
Let x = -3 + 6. Suppose x*w - 248 = -w. Suppose -w = -5*q + 13. What is the tens digit of q?
1
Let x be (1 + -1)*(-10)/(-20). Suppose x = 7*d - 5*d + 46. Let y = d - -37. What is the units digit of y?
4
Suppose w + 4*f = 4*w + 18, 4*w + 5*f + 24 = 0. Let q = 0 - w. Suppose q*p - p = 70. What is the units digit of p?
4
Let c(o) = -2 - 4*o + 3 + 0 + 2*o**2 + 6*o. What is the units digit of c(-1)?
1
Let z(s) = -11*s - 9. Let b be ((-4)/(-5))/((-1)/5). What is the tens digit of z(b)?
3
Suppose 5*o + 45 = 5*k, -3 = 2*k + k + 3*o. Suppose 5*r - 28 = -0*b - 2*b, -b + k = 0. What is the units digit of r?
4
Let b = 1 + 3. Suppose 5*k + l - 41 = 0, -19 = k - b*k + 5*l. Let p = k - 6. What is the units digit of p?
2
Let b = 559 + -385. What is the units digit of b?
4
Let a = 6 + -8. Let v = -11 + 16. What is the units digit of v + a + (-4)/(-2)?
5
Suppose 0*w - 5*w = 3*p - 25, -2*w + 10 = 5*p. Let t(r) = -r + 3. Let h(j) = -3*j + 9. Let f(m) = -2*h(m) + 7*t(m). What is the units digit of f(p)?
3
Let v = -43 + 148. What is the tens digit of v?
0
Let n(b) = 2*b - 6. Let h(a) = 2*a - 7. Let d(o) = -3*h(o) + 4*n(o). What is the tens digit of d(9)?
1
Let n(k) = 2*k**2 + 20*k + 13. Let q(m) = -m**2 - 10*m - 7. Let r(f) = -3*n(f) - 5*q(f). What is the units digit of r(-8)?
2
Suppose -2*a = -4*l + 10, 0 = -4*a - l - 2*l + 35. Suppose a*o - 17 = 3*d - 0*o, 2*d + 10 = 2*o. What is the units digit of 18/d*8/(-6)?
6
Suppose -2*m - 5*p + 636 = 0, -m - 312 = -2*m - 4*p. What is the hundreds digit of m?
3
Let d(c) = c**3 - 3*c**2 + 5*c - 2. Suppose 2*i - 12 = -2*i. Let s be d(i). Let p = s + -5. What is the units digit of p?
8
Let d(l) = -l**3 - 12*l**2 - 15*l + 4. What is the units digit of d(-11)?
8
Suppose 0 = -4*p, 2*p = 2*b - 5*b + 9. Suppose -2*o = b*o. Suppose i - 1 - 8 = o. What is the units digit of i?
9
Let a(p) = -p**2 - 9*p - 9. Suppose 3*r = 65 + 25. Suppose -5*c + 0*c - r = 0. What is the units digit of a(c)?
9
Let g = 20 + -19. What is the units digit of g?
1
Let z(g) = 4*g**2 - 6*g + 4. Let o be z(5). Suppose 5*f - 10 = 3*h - o, -3*h + 59 = -4*f. What is the tens digit of h?
1
Let l(g) = 2*g - 3. Let k = 2 + 0. Let i be l(k). Let z = 3 + i. What is the units digit of z?
4
Let r(u) = 5*u**2 - u - 1. Let s be r(1). Suppose -s = -o + 3. What is the units digit of o?
6
Let a(h) = h**3 + 14*h**2 + 13*h + 1. What is the hundreds digit of a(-6)?
2
Suppose n + 3*j - 77 = -18, -285 = -5*n - 5*j. Suppose l + y + n = 6*l, -2*l = -2*y - 16. What is the tens digit of l?
1
Suppose z = -0*z. Suppose -4*v + z*v - 4 = -4*q, -3*v - 3 = q. Suppose 2*c = 4*x - 52 + 4, q = -4*x + 4*c + 48. What is the tens digit of x?
1
Let f(n) = 47*n**2 + 10*n + 4. What is the hundreds digit of f(-3)?
3
Let d(s) = s + 40. What is the units digit of d(-6)?
4
Let z(m) = -m**3 + m**2 - 2*m - 1. Let r be z(3). Let v = r - -37. What is the tens digit of v?
1
Suppose 44*s - 452 = 40*s. What is the units digit of s?
3
Suppose -258 = -5*l + 167. What is the units digit of l?
5
Let b = -8 + 2. Let d be 5 - 2 - (-3 - b). Suppose -4*z + w - 11 + 28 = d, -2*z = w - 13. What is the units digit of z?
5
Let s = 179 + -99. Suppose 0 = -4*r - 4 - s. What is the units digit of (-18)/((-7)/(r/(-6)))?
9
Suppose 3*b = -5*y + 52, b - 38 - 6 = -5*y. What is the units digit of y?
8
Suppose -5*p + 10*p - 615 = 0. What is the tens digit of p?
2
Suppose 2*c - 4 + 14 = 2*s, -c = -2. Suppose s*t - 55 = 2*t. What is the units digit of t?
1
Let h = -9 - -14. Suppose 0 = -2*u - 8, 28 = h*l - u - 61. What is the units digit of l?
7
Let s(c) = -c**2 - 5*c + 3. Suppose 6*r - 3*r + 15 = 0. Let b be s(r). Suppose 4 = -b*h + 16. What is the units digit of h?
4
What is the units digit of (1 + 2)/(1/69)?
7
Let i = 61 + -25. Suppose -r = -5*r + i. What is the units digit of r?
9
Suppose 0 = -4*m + 2*n + 60, -39 = -4*m + n + 21. Suppose -4*z + 5*z = m. What is the units digit of z?
5
Suppose -3*y - y - 4 = 0. Let g be (70/(-6))/(1/(-3)). What is the units digit of ((-1)/y)/(5/g)?
7
Suppose -2*f + 113 = q + 7, -f = -4*q + 379. What is the units digit of q?
6
Let k(r) = -21*r - 2. What is the units digit of k(-2)?
0
Suppose 5*p = -5*j + 40, 4*p = -0*p - j + 32. Let z be 4/((p/(-6))/(-2)). Suppose -z*u + 36 = -2*u. What is the units digit of u?
9
What is the units digit of (-90)/(-25) - 12/20?
3
Let z(f) = -f + 6. Let p be z(6). Suppose p = 2*j + 2 - 44. What is the tens digit of j?
2
Let q(k) = -7*k + 4. Let d be q(-3). Suppose -5*h + d = -4*a, 0*h - 3*a = -3*h + 12. What is the units digit of h?
9
Let s(x) = 8*x**2 + 3*x - 9*x**2 - 2*x. Let g be s(2). What is the tens digit of (-25)/g - 7/14?
1
Let f(l) = -2*l + 3. Suppose 0 = 3*m - 2*m + 5. What is the units digit of f(m)?
3
Suppose 0*i - 10 = -i. Suppose i = -0*x + 2*x. What is the units digit of x?
5
Let p = 57 + 41. What is the units digit of p?
8
Suppose 770 = 4*r + 4*d + 310, 5*r = -d + 591. What is the units digit of r?
9
What is the tens digit of (156/16)/((-1)/(-12))?
1
Suppose 0 = -4*s + 72 + 400. What is the units digit of s?
8
Let l = -67 + 134. What is the tens digit of l?
6
Let r(z) be the third derivative of z**5/60 + 7*z**4/24 + 2*z**3 - 2*z**2. Let m be r(-9). Suppose 0 = -0*v - 5*v + m. What is the units digit of v?
6
Let t(y) = 4*y**2 + 6*y - 12. What is the tens digit of t(-6)?
9
Suppose -176 = -a - 3*a. What is the tens digit of a?
4
Let l be (-3)/6*24/(-2). Suppose 0*t + 3*z = -4*t - 7, 5*t + 5*z + 15 = 0. Let f = l - t. What is the units digit of f?
4
Let a(q) = -q**2 - 5 - 6*q + 2*q + 12. Let i be a(-5). Let w(o) = 3*o - 2. What is the units digit of w(i)?
4
Suppose -o + 36 = 2*k + 3*o, 0 = -5*k + 3*o + 116. What is the tens digit of k?
2
Let f = 66 - 34. Suppose o + f = -5*s, 2*o - 24 = 3*s + o. What is the units digit of (s - 0)*-1 + -2?
5
Let h(p) = p**3 + 6*p**2 - 14*p - 5. What is the units digit of h(-6)?
9
Let g be ((-10)/(-4))/((-1)/2). Let v(c) = 1 + 3 - 4*c - 1 + 3*c. What is the units digit of v(g)?
8
Suppose -4*b = 0, 2*h = 2*b - 0*b + 4. Suppose h = x - 12. What is the tens digit of x?
1
Let m(l) = 6*l**2 - 13*l + 35. What is the tens digit of m(5)?
2
Let p(u) = 12*u. Let b be p(-1). What is the units digit of ((-2)/(-4))/((-1)/b)?
6
Let x be (-35)/5*(-2)/7. Let r(z) = 3*z**3 + 4*z**2 - 2*z - 1. What is the units digit of r(x)?
5
Let d(o) = -o. Let x = -2 - -2. Let g = x - 3. What is the units digit of d(g)?
3
Let d be (-3)/(-9) - (-11)/3. Suppose d*m = 2*m + 2. W